 12452 and 352.
44
What is the highest common factor of 119 and 946050?
119
Calculate the highest common factor of 38 and 59698.
38
What is the highest common divisor of 7133 and 56?
7
What is the greatest common factor of 1416906 and 2052?
1026
Calculate the greatest common factor of 1615192 and 101.
101
What is the highest common divisor of 20559 and 147?
21
Calculate the highest common factor of 17823 and 234.
39
What is the highest common divisor of 45870 and 15840?
330
Calculate the highest common divisor of 97630 and 6759.
751
What is the greatest common divisor of 1554 and 5286?
6
What is the highest common factor of 3840 and 64960?
320
Calculate the highest common divisor of 65 and 496847.
13
What is the highest common divisor of 2464 and 66850?
14
Calculate the highest common divisor of 182 and 2212.
14
What is the highest common divisor of 896 and 143104?
128
What is the greatest common factor of 83020 and 56?
28
What is the highest common divisor of 1440 and 179400?
120
What is the greatest common divisor of 222025 and 25?
25
What is the greatest common divisor of 852 and 504668?
284
Calculate the greatest common factor of 4765 and 155.
5
What is the greatest common divisor of 27010 and 1110?
370
Calculate the highest common factor of 42 and 17352.
6
Calculate the greatest common divisor of 1122 and 645711.
561
Calculate the highest common factor of 26329 and 233.
233
What is the greatest common factor of 107562 and 390?
78
What is the greatest common divisor of 1914 and 69542?
638
What is the greatest common factor of 32000 and 225?
25
Calculate the greatest common factor of 5830 and 10.
10
Calculate the greatest common factor of 40 and 145848.
8
Calculate the greatest common factor of 5684445 and 13.
13
Calculate the highest common divisor of 795630 and 90.
30
Calculate the greatest common divisor of 7546 and 588.
98
Calculate the highest common factor of 25664 and 64.
64
What is the highest common divisor of 153 and 167892?
51
Calculate the highest common factor of 1590 and 492582.
318
What is the greatest common divisor of 10186 and 22?
22
Calculate the greatest common divisor of 29028 and 111.
3
Calculate the highest common factor of 849660 and 204.
204
What is the greatest common factor of 30293748 and 1044?
1044
Calculate the greatest common factor of 24 and 7565216.
8
Calculate the greatest common divisor of 3568509 and 1434.
717
What is the greatest common factor of 93 and 97371?
93
What is the greatest common divisor of 153 and 27489?
51
What is the highest common divisor of 102017 and 2312?
289
Calculate the greatest common divisor of 9114 and 2352.
294
Calculate the greatest common factor of 30114 and 189.
63
What is the highest common factor of 10926 and 1800?
18
What is the greatest common factor of 466519 and 149?
149
What is the highest common divisor of 240 and 1469850?
30
What is the greatest common factor of 470600 and 13?
13
What is the highest common factor of 4328820 and 180?
180
What is the greatest common divisor of 4966 and 764?
382
What is the greatest common divisor of 150463 and 1?
1
Calculate the highest common factor of 312 and 10569.
39
What is the highest common factor of 265879 and 47?
47
What is the highest common factor of 774 and 786?
6
Calculate the greatest common factor of 1788 and 261942.
894
Calculate the greatest common factor of 6892931 and 457.
457
What is the greatest common divisor of 13078 and 5278?
26
What is the highest common divisor of 13209 and 8211?
357
What is the greatest common divisor of 1610 and 770?
70
What is the greatest common divisor of 53 and 2915795?
53
Calculate the highest common factor of 692 and 6319344.
692
What is the greatest common factor of 5324 and 22?
22
Calculate the greatest common factor of 4202 and 93972.
382
Calculate the highest common factor of 286 and 1353858.
22
Calculate the greatest common factor of 76475 and 70.
35
Calculate the greatest common divisor of 22321 and 195.
13
Calculate the greatest common divisor of 752 and 163654.
94
What is the highest common divisor of 113738 and 106?
106
Calculate the highest common factor of 50274 and 19.
19
What is the greatest common divisor of 386516 and 416?
52
What is the highest common factor of 143 and 6812377?
143
What is the greatest common factor of 1084 and 338?
2
What is the greatest common divisor of 4075 and 50?
25
Calculate the greatest common divisor of 189 and 98763.
21
What is the greatest common divisor of 102 and 175457?
17
What is the highest common factor of 237 and 786603?
237
What is the highest common divisor of 67849 and 418?
19
Calculate the highest common factor of 1823112 and 54.
18
What is the highest common divisor of 45300 and 1125?
75
What is the greatest common factor of 28041 and 6786?
39
Calculate the highest common factor of 8 and 284984.
8
Calculate the greatest common factor of 105 and 20153.
7
What is the highest common divisor of 2006 and 95462?
118
Calculate the greatest common divisor of 215138 and 60137.
847
Calculate the greatest common factor of 34419 and 108621.
447
Calculate the greatest common factor of 45 and 14886.
9
What is the highest common factor of 12357 and 477?
9
Calculate the greatest common factor of 1301982 and 66.
66
What is the highest common factor of 310 and 31704630?
310
What is the highest common factor of 566580 and 9230?
710
Calculate the greatest common factor of 21 and 270753.
21
What is the highest common factor of 1014 and 4043?
13
Calculate the greatest common factor of 3922 and 12654.
74
What is the highest common factor of 10482 and 1158?
6
Calculate the highest common factor of 1690 and 221052.
338
Calculate the greatest common divisor of 2100 and 380.
20
What is the greatest common divisor of 3969280 and 40?
40
What is the greatest common divisor of 1036 and 589484?
1036
Calculate the greatest common divisor of 349 and 1752329.
349
What is the highest common divisor of 1110395 and 65?
65
Calculate the greatest common divisor of 216995 and 115.
5
What is the highest common factor of 64 and 8627648?
64
Calculate the greatest common divisor of 703 and 9435.
37
What is the greatest common factor of 12 and 1097916?
12
Calculate the greatest common factor of 49379 and 979.
11
What is the highest common divisor of 213047 and 247?
19
Calculate the highest common divisor of 64 and 798.
2
What is the highest common divisor of 348 and 66468?
348
What is the highest common divisor of 921805 and 107?
107
Calculate the greatest common factor of 1926 and 294.
6
What is the greatest common factor of 2067 and 195?
39
Calculate the greatest common factor of 22538 and 472.
118
Calculate the highest common divisor of 6044 and 152.
4
Calculate the highest common divisor of 1044 and 67048.
116
What is the greatest common divisor of 2333312 and 8?
8
What is the highest common divisor of 31 and 120621?
31
Calculate the highest common divisor of 2175254 and 951.
317
What is the highest common factor of 90 and 1055?
5
What is the greatest common divisor of 10 and 320?
10
What is the greatest common factor of 10506 and 24888?
102
Calculate the greatest common divisor of 65 and 500266.
13
What is the highest common factor of 1834 and 385?
7
What is the highest common factor of 6647 and 874?
23
What is the greatest common factor of 887490 and 57?
57
What is the highest common factor of 27393 and 966?
69
What is the highest common factor of 19690 and 559375?
895
What is the highest common factor of 318 and 18?
6
What is the highest common divisor of 881700 and 750?
150
Calculate the highest common factor of 26 and 325078.
26
What is the highest common factor of 1383987 and 561?
561
What is the greatest common factor of 3705 and 3315?
195
Calculate the greatest common divisor of 259806 and 74518.
2014
What is the highest common factor of 809 and 4?
1
Calculate the greatest common factor of 141 and 7311.
3
What is the highest common divisor of 611 and 16237?
13
Calculate the highest common divisor of 430196 and 364.
52
Calculate the highest common factor of 29392 and 1243.
11
What is the greatest common factor of 6885 and 540?
135
What is the highest common divisor of 76630 and 158?
158
What is the greatest common divisor of 882 and 114?
6
What is the highest c